{"id":11711,"date":"2016-10-17T12:38:49","date_gmt":"2016-10-17T12:38:49","guid":{"rendered":"http:\/\/networksistemas.com.br\/website\/?page_id=11711"},"modified":"2018-01-30T13:12:49","modified_gmt":"2018-01-30T13:12:49","slug":"recursos-dos-planos","status":"publish","type":"page","link":"https:\/\/networksistemas.com.br\/website\/index.php\/hospedagem\/recursos-dos-planos\/","title":{"rendered":"Recursos dos Planos"},"content":{"rendered":"<p>Todos os planos possuem os recursos descritos abaixo:<\/p>\n<ul>\n<li>\n<h4>Linguagens para Linux<\/h4>\n<div>\n<p>Gerenciador de MultiPHP contendo: PHP 5.4,\u00a0PHP 5.5,\u00a0PHP 5.6,\u00a0PHP\u00a07.0<br \/>\nSuporte a CGI<\/p>\n<\/div>\n<\/li>\n<li>\n<h4>Aplicativo<\/h4>\n<div>\n<p>WordPress<\/p>\n<\/div>\n<\/li>\n<li>\n<h4>Banco de dados<\/h4>\n<div>\n<p>MySQL 5.6<br \/>\nAcesso direto aos bancos de dados (use sua ferramenta preferida para administrar os bancos de suas hospedagens)<br \/>\nAdministra\u00e7\u00e3o via PHPMyAdmin para MySQL<\/p>\n<\/div>\n<\/li>\n<li>\n<h4>E-mail<\/h4>\n<div>\n<p>RoundCube<br \/>\nHorde 4.3.11<br \/>\nSquirrelMail<br \/>\nRedirecionamento de e-mail<br \/>\nAlias de e-mail<\/p>\n<\/div>\n<\/li>\n<\/ul>\n<ul>\n<li>\n<h4>Painel de controle<\/h4>\n<div>\n<p>URL e acesso personalizado do painel e webmail<br \/>\nGerenciamento de recursos<br \/>\nAgendador de tarefas<br \/>\nM\u00faltiplos usu\u00e1rios para FTP e gerenciamento de sites<br \/>\nGerenciador com permissionamento para arquivos e pastas<br \/>\nSuporte a SSL dedicado<br \/>\nEstat\u00edsticas de acesso aos sites por webalizer e awstats<br \/>\nEstat\u00edsticas de uso do espa\u00e7o web<br \/>\nCustomiza\u00e7\u00e3o das URLs e DNSs<\/p>\n<\/div>\n<\/li>\n<li>\n<h4>Outros adicionais<\/h4>\n<div>\n<p>IP dedicado: R$ 30,00\/m\u00eas<br \/>\nRestore adicional: R$ 170,00\/cada<\/p>\n<\/div>\n<\/li>\n<\/ul>\n<p class=\"textosite\" style=\"font-weight: bold; color: #f00;\">PS.: Para solicitar um Servi\u00e7o Adicional, envie um e-mail para suporte@networksistemas.com.br, informando o dom\u00ednio e o servi\u00e7o a ser solicitado.<\/p>\n","protected":false},"excerpt":{"rendered":"<p>Todos os planos possuem os recursos descritos abaixo: Linguagens para Linux Gerenciador de MultiPHP contendo: PHP 5.4,\u00a0PHP 5.5,\u00a0PHP 5.6,\u00a0PHP\u00a07.0 Suporte a CGI Aplicativo WordPress Banco de dados MySQL 5.6 Acesso direto aos bancos de dados (use sua ferramenta preferida para administrar os bancos de suas hospedagens) Administra\u00e7\u00e3o via PHPMyAdmin para MySQL E-mail RoundCube Horde 4.3.11&hellip;<\/p>\n<p class=\"more-link\"><a href=\"https:\/\/networksistemas.com.br\/website\/index.php\/hospedagem\/recursos-dos-planos\/\" class=\"themebutton3\">Read More<\/a><\/p>\n","protected":false},"author":1,"featured_media":0,"parent":2,"menu_order":0,"comment_status":"closed","ping_status":"closed","template":"","meta":{"footnotes":""},"categories":[],"tags":[],"_links":{"self":[{"href":"https:\/\/networksistemas.com.br\/website\/index.php\/wp-json\/wp\/v2\/pages\/11711"}],"collection":[{"href":"https:\/\/networksistemas.com.br\/website\/index.php\/wp-json\/wp\/v2\/pages"}],"about":[{"href":"https:\/\/networksistemas.com.br\/website\/index.php\/wp-json\/wp\/v2\/types\/page"}],"author":[{"embeddable":true,"href":"https:\/\/networksistemas.com.br\/website\/index.php\/wp-json\/wp\/v2\/users\/1"}],"replies":[{"embeddable":true,"href":"https:\/\/networksistemas.com.br\/website\/index.php\/wp-json\/wp\/v2\/comments?post=11711"}],"version-history":[{"count":4,"href":"https:\/\/networksistemas.com.br\/website\/index.php\/wp-json\/wp\/v2\/pages\/11711\/revisions"}],"predecessor-version":[{"id":12179,"href":"https:\/\/networksistemas.com.br\/website\/index.php\/wp-json\/wp\/v2\/pages\/11711\/revisions\/12179"}],"up":[{"embeddable":true,"href":"https:\/\/networksistemas.com.br\/website\/index.php\/wp-json\/wp\/v2\/pages\/2"}],"wp:attachment":[{"href":"https:\/\/networksistemas.com.br\/website\/index.php\/wp-json\/wp\/v2\/media?parent=11711"}],"wp:term":[{"taxonomy":"category","embeddable":true,"href":"https:\/\/networksistemas.com.br\/website\/index.php\/wp-json\/wp\/v2\/categories?post=11711"},{"taxonomy":"post_tag","embeddable":true,"href":"https:\/\/networksistemas.com.br\/website\/index.php\/wp-json\/wp\/v2\/tags?post=11711"}],"curies":[{"name":"wp","href":"https:\/\/api.w.org\/{rel}","templated":true}]}}