{"id":11786,"date":"2016-10-19T13:38:12","date_gmt":"2016-10-19T13:38:12","guid":{"rendered":"http:\/\/networksistemas.com.br\/website\/?page_id=11786"},"modified":"2020-10-20T20:02:11","modified_gmt":"2020-10-20T20:02:11","slug":"registrar-dominio","status":"publish","type":"page","link":"https:\/\/networksistemas.com.br\/website\/index.php\/registrar-dominio\/","title":{"rendered":"Registrar Dom\u00ednio"},"content":{"rendered":"<p><img loading=\"lazy\" decoding=\"async\" class=\"size-full wp-image-11787 alignleft\" src=\"https:\/\/networksistemas.com.br\/website\/wp-content\/uploads\/2016\/10\/registro-dominio.png\" alt=\"registro-dominio\" width=\"155\" height=\"101\" \/>Para registrar seu dom\u00ednio fique atento aos 5 passos abaixo:<\/p>\n<p class=\"textosite\">1- Antes de efetuar seu cadastro verifique se o dom\u00ednio de seu interesse esta dispon\u00edvel para registro. <a style=\"font-weight: bold;\" title=\"Consultar Dom\u00ednio.\" href=\"https:\/\/networksistemas.com.br\/website\/index.php\/consultar-dominio\/\" target=\"_parent\" rel=\"noopener noreferrer\">Clique aqui<\/a> para consultar!;<br \/>\n2- Para registrar Dom\u00ednios Nacionais e necess\u00e1rio ter CNPJ e CPF do respons\u00e1vel da empresa;<br \/>\n3- A validade dos registros e de 1 ano e seu valor anual e de R$ 50,00 para dom\u00ednios nacionais e R$ 80,00 para dom\u00ednios internacionais;<br \/>\n4- Apos preencher e enviar o formul\u00e1rio aguarde o recebimento do e-mail com link de pagamento no Pagseguro;<br \/>\n5- Somente apos a confirmacao do pagamento e que registraremos seu dom\u00ednio.<\/p>\n<p class=\"textosite\"><span style=\"font-weight: bold;\">Dom\u00ednio Nacionais:<\/span> S\u00e3o dom\u00ednios regulamentados pela FAPESP e possuem a termina\u00e7\u00e3o &#8220;.BR&#8221;. Ex.: www.suaempresa.com.br<\/p>\n<p class=\"textosite\"><span style=\"font-weight: bold;\">Dom\u00ednios Internacionais:<\/span> S\u00e3o dom\u00ednios regulamentados pela Internic e sua termina\u00e7\u00e3o n\u00e3o possui o .&#8221;BR&#8221;. Ex.: www.suaempresa.com.<\/p>\n<p class=\"textosite\">Existem diversas termina\u00e7\u00f5es entretanto aconselhamos sempre escolher as &#8220;.com&#8221; ou &#8220;.com.br&#8221;.<\/p>\n<p class=\"textosite\"><a href=\"https:\/\/www.networksistemas.com.br\/adm\/contratar.php?produto=dominio\">Clique aqui<\/a> para efetuar seu registro.<\/p>\n","protected":false},"excerpt":{"rendered":"<p>Para registrar seu dom\u00ednio fique atento aos 5 passos abaixo: 1- Antes de efetuar seu cadastro verifique se o dom\u00ednio de seu interesse esta dispon\u00edvel para registro. Clique aqui para consultar!; 2- Para registrar Dom\u00ednios Nacionais e necess\u00e1rio ter CNPJ e CPF do respons\u00e1vel da empresa; 3- A validade dos registros e de 1 ano&hellip;<\/p>\n<p class=\"more-link\"><a href=\"https:\/\/networksistemas.com.br\/website\/index.php\/registrar-dominio\/\" class=\"themebutton3\">Read More<\/a><\/p>\n","protected":false},"author":1,"featured_media":0,"parent":0,"menu_order":0,"comment_status":"closed","ping_status":"closed","template":"","meta":{"footnotes":""},"categories":[],"tags":[],"_links":{"self":[{"href":"https:\/\/networksistemas.com.br\/website\/index.php\/wp-json\/wp\/v2\/pages\/11786"}],"collection":[{"href":"https:\/\/networksistemas.com.br\/website\/index.php\/wp-json\/wp\/v2\/pages"}],"about":[{"href":"https:\/\/networksistemas.com.br\/website\/index.php\/wp-json\/wp\/v2\/types\/page"}],"author":[{"embeddable":true,"href":"https:\/\/networksistemas.com.br\/website\/index.php\/wp-json\/wp\/v2\/users\/1"}],"replies":[{"embeddable":true,"href":"https:\/\/networksistemas.com.br\/website\/index.php\/wp-json\/wp\/v2\/comments?post=11786"}],"version-history":[{"count":5,"href":"https:\/\/networksistemas.com.br\/website\/index.php\/wp-json\/wp\/v2\/pages\/11786\/revisions"}],"predecessor-version":[{"id":12570,"href":"https:\/\/networksistemas.com.br\/website\/index.php\/wp-json\/wp\/v2\/pages\/11786\/revisions\/12570"}],"wp:attachment":[{"href":"https:\/\/networksistemas.com.br\/website\/index.php\/wp-json\/wp\/v2\/media?parent=11786"}],"wp:term":[{"taxonomy":"category","embeddable":true,"href":"https:\/\/networksistemas.com.br\/website\/index.php\/wp-json\/wp\/v2\/categories?post=11786"},{"taxonomy":"post_tag","embeddable":true,"href":"https:\/\/networksistemas.com.br\/website\/index.php\/wp-json\/wp\/v2\/tags?post=11786"}],"curies":[{"name":"wp","href":"https:\/\/api.w.org\/{rel}","templated":true}]}}