{"id":317,"date":"2014-07-10T12:31:35","date_gmt":"2014-07-10T12:31:35","guid":{"rendered":"http:\/\/localhost\/thinkupthemes_dev\/experon\/?page_id=317"},"modified":"2025-12-09T20:47:17","modified_gmt":"2025-12-09T20:47:17","slug":"hospedagem-de-sites-lojas-virtuais-prestashp-hospedagens-para-lojas-tray","status":"publish","type":"page","link":"https:\/\/networksistemas.com.br\/website\/","title":{"rendered":"Home Network"},"content":{"rendered":"<div id=\"pg-317-0\"  class=\"panel-grid\" ><div class=\"panel-grid-core\"><div id=\"pgc-317-0-0\"  class=\"panel-grid-cell \" ><div class=\"panel-widget-style\" style=\"background: url(&quot;false&quot;) !important; background-position: left top !important; background-repeat: repeat !important; background-size: auto !important; background-attachment: scroll !important;\" ><div class=\"textwidget\"><p style=\"text-align: center;\"><span style=\"font-family: arial, helvetica, sans-serif; font-size: 18pt;\"><strong><span style=\"font-size: 24pt;\">ESCOLHA SEU PLANO DE HOSPEDAGEM<\/span><\/strong><\/span><\/p>\n<\/div><\/div><\/div><\/div><\/div><div id=\"pg-317-1\"  class=\"panel-grid\" ><div class=\"panel-grid-core\"><div id=\"pgc-317-1-0\"  class=\"panel-grid-cell \" ><div class=\"panel-widget-style\" style=\"background: url(&quot;false&quot;) !important; background-position: left top !important; background-repeat: repeat !important; background-size: auto !important; background-attachment: scroll !important;\" ><div class=\"textwidget\"><p style=\"text-align: center;\"><span style=\"color: #ffffff;\"><strong>ESTRUTURA HOST<\/strong><\/span><\/p>\n<\/div><\/div><div class=\"panel-widget-style\" style=\"background: url(&quot;false&quot;) !important; background-position: left top !important; background-repeat: repeat !important; background-size: auto !important; background-attachment: scroll !important;\" ><div class=\"textwidget\"><ul>\n<li><strong><span style=\"color: #ffffff;\"><span style=\"font-size: 14pt;\">S<\/span><span style=\"font-size: 14pt;\">ites Permitidos<\/span><\/span><\/strong><\/li>\n<li><strong><span style=\"font-size: 14pt; color: #ffffff;\">Armazenamento<\/span><\/strong><\/li>\n<li><strong><span style=\"font-size: 14pt; color: #ffffff;\">Transfer\u00eancia de Dados*<\/span><\/strong><\/li>\n<li><strong><span style=\"font-size: 14pt; color: #ffffff;\">Contas de E-mail personalizadas<\/span><\/strong><\/li>\n<li><strong><span style=\"font-size: 14pt; color: #ffffff;\">Painel de controle<\/span><\/strong><\/li>\n<li><strong><span style=\"font-size: 14pt; color: #ffffff;\">P\u00e1gina Tempor\u00e1ria<\/span><\/strong><\/li>\n<li><strong><span style=\"font-size: 14pt; color: #ffffff;\">Instalador WordPress Autom\u00e1tico<\/span><\/strong><\/li>\n<li><strong><span style=\"font-size: 14pt; color: #ffffff;\">SSL Gratuito (Let\u2019s Encrypt)<\/span><\/strong><\/li>\n<li><strong><span style=\"font-size: 14pt; color: #ffffff;\">Subdom\u00ednios\u00a0<\/span><\/strong><\/li>\n<li><strong><span style=\"font-size: 14pt; color: #ffffff;\">Contas FTP<\/span><\/strong><\/li>\n<li><strong><span style=\"font-size: 14pt; color: #ffffff;\">N\u00famero de processos simult\u00e2neos<\/span><\/strong><\/li>\n<li><strong><span style=\"font-size: 14pt; color: #ffffff;\">Bases de Dados MySQL<\/span><\/strong><\/li>\n<li><strong><span style=\"font-size: 14pt; color: #ffffff;\">N\u00famero de conex\u00f5es ao MySQL<\/span><\/strong><\/li>\n<li><strong><span style=\"font-size: 14pt; color: #ffffff;\">Backup Semanal<\/span><\/strong><\/li>\n<li><strong><span style=\"font-size: 14pt; color: #ffffff;\">Migra\u00e7\u00e3o Gratuita<\/span><\/strong><\/li>\n<\/ul>\n<\/div><\/div><\/div><div id=\"pgc-317-1-1\"  class=\"panel-grid-cell  \" ><div class=\"panel-widget-style\" style=\"background: url(&quot;false&quot;) !important; background-position: left top !important; background-repeat: repeat !important; background-size: auto !important; background-attachment: scroll !important; padding-top: 1px !important;\" ><div class=\"textwidget\"><p style=\"text-align: center;\"><span style=\"color: #ffffff; font-size: 14pt;\"><b>Network P3<\/b><\/span><\/p>\n<\/div><\/div><div class=\"panel-widget-style\" style=\"background: url(&quot;false&quot;) !important; background-position: left top !important; background-repeat: repeat !important; background-size: auto !important; background-attachment: scroll !important; border-width: 1px !important; border-style: solid !important; border-color: #7304e2 !important;\" ><div class=\"textwidget\"><p style=\"text-align: center;\"><span style=\"color: #ffffff;\"><strong><span style=\"font-size: 14pt;\">1<\/span><\/strong><\/span><br \/>\n<span style=\"color: #ffffff;\"><strong><span style=\"font-size: 14pt;\">1000 MB<\/span><\/strong><\/span><br \/>\n<span style=\"color: #ffffff;\"><strong><span style=\"font-size: 14pt;\">5 GB<\/span><\/strong><\/span><br \/>\n<span style=\"color: #ffffff;\"><strong><span style=\"font-size: 14pt;\">30<\/span><\/strong><\/span><br \/>\n<span style=\"color: #ffffff;\"><strong><span style=\"font-size: 14pt;\">Cpanel<\/span><\/strong><\/span><br \/>\n<span style=\"color: #ffffff;\"><strong><span style=\"font-size: 14pt;\">\u2705<\/span><\/strong><\/span><br \/>\n<span style=\"color: #ffffff;\"><strong><span style=\"font-size: 14pt;\">\u2705<\/span><\/strong><\/span><br \/>\n<span style=\"color: #ffffff;\"><strong><span style=\"font-size: 14pt;\">\u2705<\/span><\/strong><\/span><br \/>\n<span style=\"color: #ffffff;\"><strong><span style=\"font-size: 14pt;\">02<\/span><\/strong><\/span><br \/>\n<span style=\"color: #ffffff;\"><strong><span style=\"font-size: 14pt;\">05<br \/>\n<\/span><\/strong><strong><span style=\"font-size: 14pt;\">25<\/span><\/strong><\/span><br \/>\n<span style=\"color: #ffffff;\"><strong><span style=\"font-size: 14pt;\">05<\/span><\/strong><\/span><br \/>\n<span style=\"color: #ffffff;\"><strong><span style=\"font-size: 14pt;\">25<\/span><\/strong><\/span><br \/>\n<span style=\"color: #ffffff;\"><strong><span style=\"font-size: 14pt;\">\u2705<\/span><\/strong><\/span><br \/>\n<span style=\"color: #ffffff;\"><strong><span style=\"font-size: 14pt;\">\u2705<\/span><\/strong><\/span><\/p>\n<\/div><\/div><div class=\"panel-widget-style\" style=\"background: url(&quot;false&quot;) !important; background-position: left top !important; background-repeat: repeat !important; background-size: auto !important; background-attachment: scroll !important;\" ><a href=\"https:\/\/www.networksistemas.com.br\/adm\/contratar.php?ID=3\" id=\"thinkupshortcodesthinkup_builder_buttontheme\" class=\"button style2 themebutton small standard\">CONTRATE - R$ 39,90\/M\u00eas<\/a><\/div><\/div><div id=\"pgc-317-1-2\"  class=\"panel-grid-cell \" ><div class=\"panel-widget-style\" style=\"background: url(&quot;false&quot;) !important; background-position: left top !important; background-repeat: repeat !important; background-size: auto !important; background-attachment: scroll !important;\" ><div class=\"textwidget\"><p style=\"text-align: center;\"><span style=\"font-size: 14pt; color: #ffffff;\"><strong>Network P5<\/strong><\/span><\/p>\n<\/div><\/div><div class=\"panel-widget-style\" style=\"background: url(&quot;false&quot;) !important; background-position: left top !important; background-repeat: repeat !important; background-size: auto !important; background-attachment: scroll !important; border-width: 1px !important; border-style: solid !important; border-color: #6bd620 !important;\" ><div class=\"textwidget\"><p style=\"text-align: center;\"><span style=\"color: #ffffff;\"><strong><span style=\"font-size: 14pt;\">1<br \/>\n7 GB<br \/>\n15 GB<br \/>\n50<br \/>\nCpanel<br \/>\n\u2705<br \/>\n\u2705<br \/>\n\u2705<br \/>\n02<br \/>\n50<br \/>\n\u2705<br \/>\n<\/span><\/strong><strong><span style=\"font-size: 14pt;\">100<br \/>\n25<br \/>\n\u2705<br \/>\n\u2705<\/span><\/strong><\/span><\/p>\n<\/div><\/div><div class=\"panel-widget-style\" ><a href=\"https:\/\/www.networksistemas.com.br\/adm\/contratar.php?ID=4\" id=\"thinkupshortcodesthinkup_builder_buttontheme1\" class=\"button style1 themebutton small standard\">CONTRATE - R$ 69,90\/M\u00eas<\/a><\/div><\/div><\/div><\/div><div id=\"pg-317-2\"  class=\"panel-grid\" ><div class=\"panel-grid-core\"><div id=\"pgc-317-2-0\"  class=\"panel-grid-cell \" ><div class=\"panel-widget-style\" style=\"background: url(&quot;false&quot;) !important; background-position: left top !important; background-repeat: repeat !important; background-size: auto !important; background-attachment: scroll !important;\" ><div class=\"textwidget\"><p style=\"text-align: center;\"><span style=\"font-family: arial, helvetica, sans-serif; font-size: 18pt;\"><strong><span style=\"font-size: 24pt;\">CONFIRA OS MAIS PROCURADOS<\/span><\/strong><\/span><\/p>\n<\/div><\/div><\/div><\/div><\/div><div id=\"pg-317-3\"  class=\"panel-grid\" ><div class=\"panel-grid-core\"><div id=\"pgc-317-3-0\"  class=\"panel-grid-cell \" ><div class=\"panel-widget-style\" style=\"background: url(&quot;false&quot;) !important; background-position: left top !important; background-repeat: repeat !important; background-size: auto !important; background-attachment: scroll !important;\" ><a href=\"https:\/\/networksistemas.com.br\/eloslab-landing\/\"><img decoding=\"async\" src=\"https:\/\/networksistemas.com.br\/website\/wp-content\/uploads\/2025\/12\/botao-2.png\" alt=\"\" \/ ><\/a><\/div><\/div><div id=\"pgc-317-3-1\"  class=\"panel-grid-cell  \" ><div class=\"panel-widget-style\" style=\"background: url(&quot;false&quot;) !important; background-position: left top !important; background-repeat: repeat !important; background-size: auto !important; background-attachment: scroll !important;\" ><a href=\"https:\/\/cursoden8npro.com.br\/\"><img decoding=\"async\" src=\"https:\/\/networksistemas.com.br\/website\/wp-content\/uploads\/2025\/12\/botao-1-1.png\" alt=\"\" \/ ><\/a><\/div><\/div><div id=\"pgc-317-3-2\"  class=\"panel-grid-cell \" ><div class=\"panel-widget-style\" style=\"background: url(&quot;false&quot;) !important; background-position: left top !important; background-repeat: repeat !important; background-size: auto !important; background-attachment: scroll !important;\" ><a href=\"https:\/\/networksistemas.com.br\/adm\/carrinho.php?ID=31\"><img decoding=\"async\" src=\"https:\/\/networksistemas.com.br\/website\/wp-content\/uploads\/2025\/12\/botao-3.png\" alt=\"\" \/ ><\/a><\/div><\/div><\/div><\/div><div id=\"pg-317-4\"  class=\"panel-grid\" ><div class=\"panel-grid-core\"><div id=\"pgc-317-4-0\"  class=\"panel-grid-cell \" ><div class=\"panel-widget-style\" ><div class=\"textwidget\"><\/div><\/div><div class=\"panel-widget-style\" ><\/div><div class=\"panel-widget-style\" ><\/div><\/div><\/div><\/div>","protected":false},"excerpt":{"rendered":"<p>ESCOLHA SEU PLANO DE HOSPEDAGEM ESTRUTURA HOST Sites Permitidos Armazenamento Transfer\u00eancia de Dados* Contas de E-mail personalizadas Painel de controle P\u00e1gina Tempor\u00e1ria Instalador WordPress Autom\u00e1tico SSL Gratuito (Let\u2019s Encrypt) Subdom\u00ednios\u00a0 Contas FTP N\u00famero de processos simult\u00e2neos Bases de Dados MySQL N\u00famero de conex\u00f5es ao MySQL Backup Semanal Migra\u00e7\u00e3o Gratuita Network P3 1 1000 MB 5&hellip;<\/p>\n<p class=\"more-link\"><a href=\"https:\/\/networksistemas.com.br\/website\/\" class=\"themebutton3\">Read More<\/a><\/p>\n","protected":false},"author":1,"featured_media":0,"parent":0,"menu_order":0,"comment_status":"open","ping_status":"closed","template":"template-parallax.php","meta":{"footnotes":""},"categories":[],"tags":[],"_links":{"self":[{"href":"https:\/\/networksistemas.com.br\/website\/index.php\/wp-json\/wp\/v2\/pages\/317"}],"collection":[{"href":"https:\/\/networksistemas.com.br\/website\/index.php\/wp-json\/wp\/v2\/pages"}],"about":[{"href":"https:\/\/networksistemas.com.br\/website\/index.php\/wp-json\/wp\/v2\/types\/page"}],"author":[{"embeddable":true,"href":"https:\/\/networksistemas.com.br\/website\/index.php\/wp-json\/wp\/v2\/users\/1"}],"replies":[{"embeddable":true,"href":"https:\/\/networksistemas.com.br\/website\/index.php\/wp-json\/wp\/v2\/comments?post=317"}],"version-history":[{"count":208,"href":"https:\/\/networksistemas.com.br\/website\/index.php\/wp-json\/wp\/v2\/pages\/317\/revisions"}],"predecessor-version":[{"id":12916,"href":"https:\/\/networksistemas.com.br\/website\/index.php\/wp-json\/wp\/v2\/pages\/317\/revisions\/12916"}],"wp:attachment":[{"href":"https:\/\/networksistemas.com.br\/website\/index.php\/wp-json\/wp\/v2\/media?parent=317"}],"wp:term":[{"taxonomy":"category","embeddable":true,"href":"https:\/\/networksistemas.com.br\/website\/index.php\/wp-json\/wp\/v2\/categories?post=317"},{"taxonomy":"post_tag","embeddable":true,"href":"https:\/\/networksistemas.com.br\/website\/index.php\/wp-json\/wp\/v2\/tags?post=317"}],"curies":[{"name":"wp","href":"https:\/\/api.w.org\/{rel}","templated":true}]}}